51 = -4*y, 5*z + 5*y = 4*y + 102. What is the remainder when 185 is divided by z?
17
Let z = -3 + -1. What is the remainder when (z - 1*-40) + (-1 - 0) is divided by 9?
8
Let x(v) = v**3 + 7*v**2 + 5. Let o be (0 + -1)/(1/7). Suppose -3*a - 3*q + 3 = -3, -2 = 2*q. What is the remainder when x(o) is divided by a?
2
Suppose -x - 4*x - 201 = 3*i, -198 = 3*i + 4*x. What is the remainder when (-63)/42*1*(0 + i) is divided by 24?
21
Let k = -118 + 206. What is the remainder when k is divided by 38?
12
Suppose -4*g + 17 = -123. Suppose 0 = -2*t + 45 - g. Suppose -5*h + 27 = 4*i, -5*i - t*h + 35 = -0*h. What is the remainder when i is divided by 6?
2
Suppose -m - 3*m = c + 4, -16 = 3*m + 4*c. What is the remainder when 51 is divided by 225/(-125)*(m - 10)?
15
Let i be 26/8 + (-12)/48. Suppose -2*s - 3*m = s - 129, i*s + m = 135. What is the remainder when s is divided by 16?
14
Suppose -21*o - 775 = -46*o. What is the remainder when 106 is divided by o?
13
Let y(p) = p**2 + 3*p - 8. Calculate the remainder when 169 is divided by y(-6).
9
Suppose 2*l = -5 + 25. Let b = 14 - l. Suppose -b*s = -3*s - 37. Calculate the remainder when s is divided by 20.
17
Calculate the remainder when 221 is divided by 1*-3 - (73 - 92).
13
Suppose -3*p + 652 = 4*q, 4*p = -114*q + 118*q - 652. What is the remainder when q is divided by 50?
13
Let w = 1283 - 1018. What is the remainder when w is divided by 89?
87
What is the remainder when 337 is divided by (22*-4)/((-11 - -14)/(-3))?
73
Suppose 9*k - 341 = 541. Let p = 10 + 41. Calculate the remainder when k is divided by p.
47
Suppose -5*q = -7*q + 822. Suppose -4*c + q = -c. Calculate the remainder when c is divided by 47.
43
Suppose 2*z - 110 + 36 = 0. Let g = 48 - z. Calculate the remainder when 36 is divided by (22/g)/(4/38).
17
Let z(y) = 12*y - 10. What is the remainder when 2 is divided by z(1)?
0
Let n(t) = t**3 + 17*t**2 + 18*t + 35. Let p be n(-16). Suppose b - 32 = -p*g, b - 27 = -3*g + 5*g. What is the remainder when b is divided by 11?
7
Let i(u) = -14*u + 270. Calculate the remainder when 258 is divided by i(10).
128
Let i = 50 + -28. Suppose 252 = -x + 4*x. Calculate the remainder when x is divided by i.
18
Suppose 30*k - 10*k - 240 = 0. Calculate the remainder when 207 is divided by k.
3
Suppose 0 = 5*i - 0*i - 10. Let c be (2 - i) + (0 - -5). Suppose -c*z + 5*l + 155 = 0, 6*z - 2*z - 100 = -2*l. Calculate the remainder when 52 is divided by z.
25
Calculate the remainder when 3 + 478 + -1 - (10 - 15) is divided by 6.
5
Let j(h) = -h + 1. Let z(o) = -5*o + 21. Let p(u) = -6*j(u) + z(u). Calculate the remainder when 36 is divided by p(-5).
6
What is the remainder when 114 is divided by 4 - 2*4/8*-9?
10
Suppose 4*j - 76 = 3*c, -4*j = -2*c + 3*c - 60. Suppose -5*h - 3*p = -301, -2*p + 260 = 4*h - 6*p. Calculate the remainder when h is divided by j.
14
Calculate the remainder when ((-241)/7)/((-22)/462) is divided by 25.
23
Suppose 29 = 2*o - 3*w, 46 = -13*o + 16*o - 2*w. Calculate the remainder when (39/(-2))/(1/(-4)) is divided by o.
14
Suppose 5*u = -49 - 1. Calculate the remainder when 46*(-5 + 0)/u is divided by 13.
10
Suppose -4*o - 3 = 5. Calculate the remainder when o - 309/((-9)/3) is divided by 26.
23
Suppose x + x + 8 = 0, -4*h + 2*x = -4. Calculate the remainder when 60 is divided by (-15)/h + 1*4.
3
What is the remainder when ((-12)/((-180)/(-3)))/(1/(-155)) is divided by 13?
5
Let h = -137 + 101. Let n = h + 111. Calculate the remainder when n is divided by 38.
37
Let l = -493 - -506. What is the remainder when ((-8)/3)/((-2)/27) is divided by l?
10
Suppose 0 = -12*j + 10*j + 12. Let y(m) = 2*m**3 - 4*m**2 + 7*m - 4. What is the remainder when y(3) is divided by j?
5
Suppose 0 = s - z + 2, 3*z = -3 + 18. Suppose 23 = s*c - 16. What is the remainder when 23 is divided by (13 + -16)/((-3)/c)?
10
Let k be 59/4 + 30/(-40). Suppose -h - 5 = k. Let u = -16 - h. What is the remainder when 10 is divided by u?
1
Let q(h) = -h**2 + h + 1. Let t(n) = -18*n**2 + 2*n + 1. Let p(l) = q(l) - t(l). What is the remainder when p(1) is divided by ((-6)/(-8))/(2/24)?
7
Let c = -27 + 104. What is the remainder when c is divided by -20*3*(-24)/36?
37
Suppose 0*k = -k + 24. Let p = -19 + k. Calculate the remainder when 6 + ((-9)/(-3))/3 is divided by p.
2
Suppose -2*m + 2*z + 120 = 0, -2*m - 5*z + 150 = 44. Let d = 97 + -67. Calculate the remainder when m is divided by d.
28
Suppose 13*b - 56 = 1400. Calculate the remainder when b is divided by 49.
14
Let n(s) = 18*s**2 - 101*s + 8. What is the remainder when n(9) is divided by 93?
92
Let p be (11 - 15)*(-2)/(-4) - -4. Suppose 11*j - 351 = -p*j. Calculate the remainder when j is divided by 7.
6
Suppose 2*s + 13 = 41. Let u(h) = -6*h - 13. Let m be u(-9). Suppose -5*i = -299 - m. Calculate the remainder when i is divided by s.
12
Suppose 0*f + 27 = -3*f. Suppose -3*g + r - 39 = 0, -3*g - 31 = -5*r - 4. Let m = f - g. Calculate the remainder when 14 is divided by m.
4
Let n(f) be the first derivative of -15/2*f**2 - 9*f + 5 - 1/3*f**3. Calculate the remainder when n(-10) is divided by 14.
13
Let t be 0 - -3 - (-12 - -8). Let p = -2 + t. Suppose 3*k + 4*b - 30 = 0, p*k - 22 = 3*b - 1. What is the remainder when 22 is divided by k?
4
Suppose 1 = -y + 10. Let p = 32 + -9. Calculate the remainder when p is divided by y.
5
Suppose 69 = 4*f + 17. Let y(n) = 16*n**2 + 3. Let r be y(3). What is the remainder when -1*3/((-9)/r) is divided by f?
10
Suppose 2*z = 3*a + 59, 6*z - z - 154 = a. What is the remainder when (3/6)/((-4)/16) + z is divided by 8?
5
Let f = 178 + -72. Let i = -139 - -84. Let o = i - -82. Calculate the remainder when f is divided by o.
25
Let f be 0*5/(-15) - -351. Suppose -7*l - f = -10*l. What is the remainder when l is divided by 31?
24
Calculate the remainder when 247 is divided by ((-18)/(-10))/((-4)/(-20)).
4
Let y(j) = 3*j - 2. Let x(g) = -g**3 - 3*g**2 + 7*g - 4. Calculate the remainder when x(-6) is divided by y(6).
14
Let x = -54 + 62. Calculate the remainder when 150 is divided by x.
6
Let j = 56 - 54. Suppose d - 3*x - 49 = -6*x, j*x - 94 = -2*d. Suppose 3*k + 2*b - 45 = 3*b, -4*b = -k + 4. What is the remainder when d is divided by k?
14
Let o(f) = 9*f - 3. Let i be o(5). Let g = -51 + 30. Calculate the remainder when (-3)/g - (-2808)/i is divided by 10.
7
Suppose -4*y - 4*p = -1596, -5*y = -0*y + 2*p - 2001. Suppose -4*t = -1001 + y. Suppose 6*o = 4*o + t. Calculate the remainder when o is divided by 19.
18
Suppose -672 = -4*z + 4*w, 6*w + 672 = 4*z + 8*w. What is the remainder when z is divided by 69?
30
Let a = -44 - -48. Suppose -c - 82 = -6*c + t, a*c = 4*t + 56. Calculate the remainder when c is divided by 4.
1
Let b(y) = -y + 1. Let u be b(5). Let w = 6 + u. Suppose q = -w*i + 5 + 14, 4*i = 0. What is the remainder when q is divided by 10?
9
Let m(b) = -2*b - 16. Let r be m(0). What is the remainder when r/12*3*-26 is divided by 27?
23
Suppose -4*b = -5*n - 8, 14*b - 15*b + 2 = n. Suppose -b*k + k - 24 = -c, 0 = -4*k - 12. Calculate the remainder when 61 is divided by c.
19
What is the remainder when 189 is divided by 6 - (1012/(-18) - (-14)/63)?
3
Let n be -2*((-132)/16 - (-3)/12). Suppose -3*s + 44 = -n. Calculate the remainder when 57 is divided by s.
17
Suppose 2160 - 7067 = -7*l. What is the remainder when l is divided by 78?
77
What is the remainder when 139 is divided by 32 - (4 - 5)*2?
3
Let z be (-27)/72 + 43/8. Let q = 28 - z. Calculate the remainder when q is divided by 14.
9
Let p(w) = 21*w**2 - 27*w - 72. Calculate the remainder when p(-4) is divided by 25.
22
Let l(y) = -23*y + 334. What is the remainder when 288 is divided by l(12)?
56
Let z(m) = 2*m**2 - 9*m - 7. Suppose 3*h = -h - 148. Let l = h - -45. Calculate the remainder when z(7) is divided by l.
4
Suppose 2*i + h = 3*h + 42, 2*i - 4*h = 44. Calculate the remainder when 214 is divided by i.
14
Suppose -127*m - 230 = -137*m. Calculate the remainder when 84 is divided by m.
15
Suppose 4*v - j = 827, -4*j + 0*j = -3*v + 604. Calculate the remainder when v is divided by 19.
18
Let y = -52 - -99. Let d(u) = 2*u**2 - 34*u + 94. Calculate the remainder when y is divided by d(3).
7
Suppose 0 = 4*p - 4*w - 64, 2*p = 7*p + 4*w - 80. Calculate the remainder when (0 + -1)*(-